{"version":"1.0","provider_name":"AR Shelving, metal shelving for DIY and trade","provider_url":"https:\/\/www.ar-shelving.com\/fr\/","title":"AR Shelving est pr\u00e9sent une ann\u00e9e de plus au Salon ExpoCadena - AR Shelving, metal shelving for DIY and trade","type":"rich","width":600,"height":338,"html":"<blockquote class=\"wp-embedded-content\" data-secret=\"FLKhlkjVcn\"><a href=\"https:\/\/www.ar-shelving.com\/fr\/news\/ar-shelving-a-expocadena\/\">AR Shelving est pr\u00e9sent une ann\u00e9e de plus au Salon ExpoCadena<\/a><\/blockquote><iframe sandbox=\"allow-scripts\" security=\"restricted\" src=\"https:\/\/www.ar-shelving.com\/fr\/news\/ar-shelving-a-expocadena\/embed\/#?secret=FLKhlkjVcn\" width=\"600\" height=\"338\" title=\"\u00ab\u00a0AR Shelving est pr\u00e9sent une ann\u00e9e de plus au Salon ExpoCadena\u00a0\u00bb &#8212; AR Shelving, metal shelving for DIY and trade\" data-secret=\"FLKhlkjVcn\" frameborder=\"0\" marginwidth=\"0\" marginheight=\"0\" scrolling=\"no\" class=\"wp-embedded-content\"><\/iframe><script type=\"text\/javascript\">\n\/* <![CDATA[ *\/\n\/*! This file is auto-generated *\/\n!function(d,l){\"use strict\";l.querySelector&&d.addEventListener&&\"undefined\"!=typeof URL&&(d.wp=d.wp||{},d.wp.receiveEmbedMessage||(d.wp.receiveEmbedMessage=function(e){var t=e.data;if((t||t.secret||t.message||t.value)&&!\/[^a-zA-Z0-9]\/.test(t.secret)){for(var s,r,n,a=l.querySelectorAll('iframe[data-secret=\"'+t.secret+'\"]'),o=l.querySelectorAll('blockquote[data-secret=\"'+t.secret+'\"]'),c=new RegExp(\"^https?:$\",\"i\"),i=0;i<o.length;i++)o[i].style.display=\"none\";for(i=0;i<a.length;i++)s=a[i],e.source===s.contentWindow&&(s.removeAttribute(\"style\"),\"height\"===t.message?(1e3<(r=parseInt(t.value,10))?r=1e3:~~r<200&&(r=200),s.height=r):\"link\"===t.message&&(r=new URL(s.getAttribute(\"src\")),n=new URL(t.value),c.test(n.protocol))&&n.host===r.host&&l.activeElement===s&&(d.top.location.href=t.value))}},d.addEventListener(\"message\",d.wp.receiveEmbedMessage,!1),l.addEventListener(\"DOMContentLoaded\",function(){for(var e,t,s=l.querySelectorAll(\"iframe.wp-embedded-content\"),r=0;r<s.length;r++)(t=(e=s[r]).getAttribute(\"data-secret\"))||(t=Math.random().toString(36).substring(2,12),e.src+=\"#?secret=\"+t,e.setAttribute(\"data-secret\",t)),e.contentWindow.postMessage({message:\"ready\",secret:t},\"*\")},!1)))}(window,document);\n\/\/# sourceURL=https:\/\/www.ar-shelving.com\/wp-includes\/js\/wp-embed.min.js\n\/* ]]> *\/\n<\/script>\n","thumbnail_url":"https:\/\/www.ar-shelving.com\/wp-content\/uploads\/2023\/01\/home-improvement_02-1.jpg","thumbnail_width":830,"thumbnail_height":404,"description":"Le salon ExpoCadena 2016 organis\u00e9 par le Groupe Ehlis, se consolide, dans sa seizi\u00e8me \u00e9dition, comme l\u2019un des \u00e9v\u00e9nements les plus importants de l\u2019ann\u00e9e dans le secteur de la quincaillerie. AR Shelving \u00e9tait un des exposants pr\u00e9sents \u00e0 ce Salon qui a eu lieu \u00e0 Ifema, Madrid. Nous avons pu montrer les nouvelles solutions de [&hellip;]"}

AR Shelving est présent une année de plus au Salon ExpoCadena - AR Shelving, metal shelving for DIY and trade

<blockquote class="wp-embedded-content" data-secret="FLKhlkjVcn"><a href="https://www.ar-shelving.com/fr/news/ar-shelving-a-expocadena/">AR Shelving est présent une année de plus au Salon ExpoCadena</a></blockquote><iframe sandbox="allow-scripts" security="restricted" src="https://www.ar-shelving.com/fr/news/ar-shelving-a-expocadena/embed/#?secret=FLKhlkjVcn" width="600" height="338" title="« AR Shelving est présent une année de plus au Salon ExpoCadena » &#8212; AR Shelving, metal shelving for DIY and trade" data-secret="FLKhlkjVcn" frameborder="0" marginwidth="0" marginheight="0" scrolling="no" class="wp-embedded-content"></iframe><script type="text/javascript">
/* <![CDATA[ */
/*! This file is auto-generated */
!function(d,l){"use strict";l.querySelector&&d.addEventListener&&"undefined"!=typeof URL&&(d.wp=d.wp||{},d.wp.receiveEmbedMessage||(d.wp.receiveEmbedMessage=function(e){var t=e.data;if((t||t.secret||t.message||t.value)&&!/[^a-zA-Z0-9]/.test(t.secret)){for(var s,r,n,a=l.querySelectorAll('iframe[data-secret="'+t.secret+'"]'),o=l.querySelectorAll('blockquote[data-secret="'+t.secret+'"]'),c=new RegExp("^https?:$","i"),i=0;i<o.length;i++)o[i].style.display="none";for(i=0;i<a.length;i++)s=a[i],e.source===s.contentWindow&&(s.removeAttribute("style"),"height"===t.message?(1e3<(r=parseInt(t.value,10))?r=1e3:~~r<200&&(r=200),s.height=r):"link"===t.message&&(r=new URL(s.getAttribute("src")),n=new URL(t.value),c.test(n.protocol))&&n.host===r.host&&l.activeElement===s&&(d.top.location.href=t.value))}},d.addEventListener("message",d.wp.receiveEmbedMessage,!1),l.addEventListener("DOMContentLoaded",function(){for(var e,t,s=l.querySelectorAll("iframe.wp-embedded-content"),r=0;r<s.length;r++)(t=(e=s[r]).getAttribute("data-secret"))||(t=Math.random().toString(36).substring(2,12),e.src+="#?secret="+t,e.setAttribute("data-secret",t)),e.contentWindow.postMessage({message:"ready",secret:t},"*")},!1)))}(window,document);
//# sourceURL=https://www.ar-shelving.com/wp-includes/js/wp-embed.min.js
/* ]]> */
</script>

Le salon ExpoCadena 2016 organisé par le Groupe Ehlis, se consolide, dans sa seizième édition, comme l’un des événements les plus importants de l’année dans le secteur de la quincaillerie. AR Shelving était un des exposants présents à ce Salon qui a eu lieu à Ifema, Madrid. Nous avons pu montrer les nouvelles solutions de [&hellip;]
